) = -5*p - 10. Let n(g) = -1. Let j(c) = 10*n(c) - w(c). Let i be j(1). What are the prime factors of (i/(-5))/((-2)/38)?
19
Let t(q) = 12*q**2 + 157*q + 15. What are the prime factors of t(-18)?
3, 359
Let t(x) be the second derivative of 4*x**4/3 + x**3/6 + x**2/2 - x. Let c be (10/(-2))/(-30) - 14/12. List the prime factors of t(c).
2
Let s be (9/18)/((-1)/(-30)). Suppose -5 = -5*p + s. Suppose 2*q + 44 = 3*x - 122, p*x = -4*q + 208. List the prime factors of x.
2, 3
Let a(w) = w**3 + 13*w**2 - w + 15. Let g be a(-13). What are the prime factors of g/8*36/21?
2, 3
Let k(z) = -z**3 - 6*z**2 - z - 1. Let r = 27 - 33. Let d be k(r). Suppose 0 = d*s - 46 - 44. List the prime factors of s.
2, 3
Let v(c) = -13*c**2 - 11*c + 8. Let a(t) = -7*t**2 - 6*t + 4. Let f(p) = 11*a(p) - 6*v(p). List the prime factors of f(7).
3, 5
Let u be 1/(-3)*0/(-7). Suppose -c + 42 = 2*a, 0 = 2*c - u + 4. What are the prime factors of a?
2, 11
Suppose 0 = 106*t - 102*t - 76. What are the prime factors of t?
19
Let t = 1427 + -947. Suppose 2*z = -2*z + t. What are the prime factors of 2/(-14) - z/(-56)?
2
Suppose -10*h - 2*h = -48. Let b = 25 + h. List the prime factors of b.
29
Suppose o - 4*r + 198 = 3*o, -8 = -2*r. Suppose 2*f = v + o, -v - 156 = -3*f - 20. Let i = f - 13. List the prime factors of i.
2
Let z(g) = g + 7. Let t(w) = w**2 - 3*w - 3. Let h be t(3). Let i be z(h). Suppose 0 = -i*o - o + 10. What are the prime factors of o?
2
Suppose -2*x = 3*q - 4796, -2*q - 3522 = -2*x + 1254. What are the prime factors of x?
2, 13, 23
Suppose 8*z - 24 = 5*z. Suppose 0 = z*f - 12*f + 68. Suppose -2*k + f + 17 = 0. What are the prime factors of k?
17
What are the prime factors of ((-3)/(-9))/(20/25140)?
419
Let s(c) = 315*c**2 + 2*c + 4. What are the prime factors of s(-1)?
317
Let k(q) = -q**3 - 25*q**2 + 53*q - 11. What are the prime factors of k(-27)?
2
Let u(k) = -2 + 5*k - 3*k - 3 + k**2 + 3. Let l be u(-7). Let c = l - 9. What are the prime factors of c?
2, 3
Suppose 2*z + 1 = -k - 9, 0 = 3*k - 6. List the prime factors of (2/z)/((-1)/93).
31
Let r = -98 - -117. Suppose r*b = 2051 - 341. List the prime factors of b.
2, 3, 5
Let t be (-2)/4 + 77/2. Let v = -550 + 532. Let n = t + v. What are the prime factors of n?
2, 5
Let h = 1627 - 1142. What are the prime factors of h?
5, 97
Suppose -f + 4*f = -3. List the prime factors of (103 + f)*42/63.
2, 17
Suppose 0 = 6*p - 4188 - 3474. List the prime factors of p.
1277
What are the prime factors of (942/(-15) + -2)/(11/(-55))?
2, 3
Let c = -5 + 7. Suppose c*g = 137 - 3. What are the prime factors of g?
67
Let q be 4 + (-12)/5 + (-4)/(-10). Suppose 0*u + 16 = u + o, 2*o - q = 0. List the prime factors of u.
3, 5
Let a be -53 + (15/5 - 3). Let y = a - -84. List the prime factors of y.
31
Suppose 0 = -17*x + 10*x - 56. List the prime factors of x/28 - 1707/(-21).
3
Let o(u) = -u**3 - 2*u**2 + 5*u + 2. Let s be (-3 - 3) + (2 - -1). Let n be o(s). What are the prime factors of (6/4)/(n/(-48))?
2, 3
Let t = -311 + 116. Suppose -3724 = 21*x - 847. Let b = x - t. List the prime factors of b.
2, 29
Let d(h) = h**3 + 7*h**2 - 10*h + 2. What are the prime factors of d(8)?
2, 3, 7
Let f = 680 - 113. What are the prime factors of f?
3, 7
Let z(w) = w - 7. Let x be z(7). Let t = x - -45. Suppose t = 3*c - 0*c. What are the prime factors of c?
3, 5
Suppose -m - 4*t + 140 = 0, 3*t - 256 = -2*m + t. Let f = m + -65. List the prime factors of f.
59
Let f = -17 + -3. Suppose -18*r + 73 = -773. Let t = f + r. What are the prime factors of t?
3
Let d(u) = 2*u + 47. Let t = 26 - 38. List the prime factors of d(t).
23
Suppose r + 2*t + 0*t = 257, 0 = -5*r + 5*t + 1255. What are the prime factors of r?
11, 23
Let h = 1522 + -785. List the prime factors of h.
11, 67
Suppose -4*x = 2*j - 18424, -j - 5617 = 4*x - 24039. List the prime factors of x.
3, 5, 307
Let z = 12 - 2. List the prime factors of (-16)/(3 + (-34)/z).
2, 5
Let x(l) = 2*l**3 - 11*l**2 - 11*l + 8. Let s be x(7). Let j = s + -5. List the prime factors of j.
73
Suppose -2*m = -5*m + 6. Let x(z) = 14*z + 5. What are the prime factors of x(m)?
3, 11
Let g = -2 - -4. Suppose 0*d + 10 = g*d - m, 5*d + m - 11 = 0. Suppose -k + 2*l + 21 = -12, d*k = 3*l + 87. What are the prime factors of k?
5
Let o = 694 + -481. Suppose 4*z - o = 171. List the prime factors of z.
2, 3
List the prime factors of (-8 - 0) + 168 + 2246.
2, 3, 401
Let m be -3 + (2/(-8) - (-203)/28). Let b(a) = a**3 + 4*a**2 + a + 3. List the prime factors of b(m).
3, 5
Let y be ((-9)/(-4))/(9/120). Suppose 3*j + y = -2*j. Let n(g) = -g**2 - 12*g - 5. List the prime factors of n(j).
31
Let t(a) = -a**2 + 11*a + 13. Let b be t(10). Let z = b + 11. List the prime factors of z.
2, 17
Let b(y) = 4*y + 24. Let i be b(-8). Suppose -5*r + 17 = -x + 5, 0 = -2*r + x + 3. Let v = r - i. List the prime factors of v.
11
Let c = 3 + -1. Suppose 8 = 2*q - c*t - 0, -7 = -q + 4*t. Suppose -3*d - 4 + 47 = p, -2*p + 68 = -q*d. What are the prime factors of p?
37
Suppose 0 = -d + 4*g + 1716, -g = 12*d - 11*d - 1726. What are the prime factors of d?
2, 431
Let x be (-20)/(-6) + (-140)/(-84). Let d(w) = w + 47. What are the prime factors of d(x)?
2, 13
Suppose 0 = -16*p - 24*p + 86400. What are the prime factors of p?
2, 3, 5
Let x be (3/(-2))/(6/(-20)). List the prime factors of 0 + x/(15/114).
2, 19
What are the prime factors of (-24)/15*10/2 - -2431?
2423
Let x(m) = 1303*m**2 + 16*m + 15. List the prime factors of x(-1).
2, 3, 7, 31
List the prime factors of 3/((-18)/(-4)) + (-7660)/(-12).
3, 71
Let d(i) = -4*i**3 - 2*i**2 + 1. Let h be d(-1). Suppose 4*j - 2*j - 16 = -h*o, -5*j = -2*o - 21. What are the prime factors of (10/4)/(o/4)?
5
Suppose 38*n = 14*n + 72. List the prime factors of n.
3
Let t(h) = 179*h - 545. What are the prime factors of t(10)?
3, 5, 83
Let x be -4 - 51/(-3) - -4. Let g = x + -42. Let s = g - -34. What are the prime factors of s?
3
Let z(n) = -n**2 + 2*n + 2. Let t be (-3)/(-2)*4/3. Let v be z(t). Suppose -7 = -v*p + 5*l - 4*l, 4*p - 3*l = 11. What are the prime factors of p?
5
Let l(p) = 5*p + 9 - 18*p**2 + 39*p**2 - 19*p**2. Let c be l(5). Let v = c - 55. What are the prime factors of v?
29
Let p = -28 + 53. Let d be (60/p)/(6/40). Let x = d + 10. List the prime factors of x.
2, 13
Let g = 78 - -64. List the prime factors of g.
2, 71
Let p(g) = 323*g**2 + 12*g + 11. List the prime factors of p(-1).
2, 7, 23
Let v(p) = 2*p + 3 - 13 - 5 + p. Let d be v(5). Suppose -4*g + 132 = -d*g. List the prime factors of g.
3, 11
Let o(m) = m**2 + 33*m - 31. List the prime factors of o(17).
3, 7, 13
Let u be -3 - 0 - -16 - -1. Suppose -z + 13 = -u. What are the prime factors of z?
3
Let r(p) = -p**2 + 3*p + 10. Let b be r(5). Suppose b = -4*s - 4 + 244. What are the prime factors of s?
2, 3, 5
List the prime factors of (-6 - -13) + -7 - (-4114)/2.
11, 17
Let c(q) = 21*q**2 - q + 3. Let w be c(2). Let l = 171 + -121. Let h = w - l. List the prime factors of h.
5, 7
Let n = 128 + -181. Let h be (-1 + 8 + -9)*(-1 + 60). Let l = n - h. What are the prime factors of l?
5, 13
Suppose 91*r - 95*r + 3860 = 0. Suppose -5*i + r = -55. List the prime factors of i.
2, 3, 17
Suppose -5*a - 3 = -8. Let w(o) = 10 - a + 2*o - 2. What are the prime factors of w(6)?
19
Suppose -158 = 4*s + 2*m + 402, 3*s + 415 = m. Let n = 197 + s. List the prime factors of n.
2, 29
Let p be (-18)/(-3) + (-204)/17. Suppose 0*l - l + 32 = 4*b, 3*b - 5*l = 24. Let u = p + b. List the prime factors of u.
2
Let h be 672/15*(3 + 2). Suppose 7*i = 3*i + h. Let p = i - 28. What are the prime factors of p?
2, 7
Let x = 20 - 18. Suppose -452 = -5*i - 5*w + 88, -4*i = -x*w - 456. Suppose -4*s = 4*y - i, -s - 3*s - 149 = -5*y. What are the prime factors of y?
29
Let y = -8 + -13. Let z = y - -11. What are the prime factors of ((-141)/(-15))/((-2)/z)?
47
Let n = 1016 - 451. What are the prime factors of n?
5, 113
Let d(c) = c**2 + 2*c - 4. Let z be d(3). Suppose 0 = -u - z + 27. What are the prime factors of u?
2
Let n(d) = -3*d + 3. Let p(t) = t + 10 - 4 - 5 - 2. Let u(y) = 4*n(y) + 9*p(y). What are the prime factors of u(-3)?
2, 3
Let l(v) = 0 + 3 + 1 + 8*v. Let p = 6 - 4. List the prime factors of l(p).
2, 5
Let s be 4 + 0 + -2 + -24. Let r = s + 48. What are the prime f